70 + -792?
1bab
In base 6, what is 2 + -21343503351?
-21343503345
In base 16, what is b3f73 - 9?
b3f6a
In base 15, what is 1aadd5 - -24?
1aae09
In base 2, what is -100000000111110 + -101010011011?
-100101011011001
In base 5, what is 4244310332 - 114?
4244310213
In base 12, what is -26 - -5784b30?
5784b06
In base 14, what is -11082c - 101?
-11092d
In base 9, what is 1677555 - -2?
1677557
In base 14, what is 11163 + -484?
10abd
In base 13, what is -51b83a76 + 1?
-51b83a75
In base 2, what is -1000001000101010 + 100011000110?
-111100101100100
In base 12, what is -3 - -1356aab?
1356aa8
In base 2, what is -1000011010101010000 - 10101101?
-1000011010111111101
In base 6, what is 3525302 + -15315?
3505543
In base 6, what is 4042020 - 31?
4041545
In base 13, what is -3926 + 3316c?
2c546
In base 16, what is 343d7 - 4e?
34389
In base 12, what is -12a980 - -34?
-12a948
In base 3, what is -122212 + -210220201?
-211120120
In base 4, what is 1003002 - -20131303?
21200311
In base 5, what is 130324420 - -33302?
130413222
In base 13, what is -164b - -6394?
4a46
In base 7, what is 123 + 3014015?
3014141
In base 4, what is 11 - -13030232?
13030303
In base 14, what is -18 - -2b7322?
2b7308
In base 14, what is 2 - 376890?
-37688c
In base 14, what is 1235b4 - d?
1235a5
In base 12, what is -1021 + 2aa42?
29a21
In base 12, what is -5 + -3694a452?
-3694a457
In base 4, what is -2 - -233203031303?
233203031301
In base 4, what is -312 + -10332113012?
-10332113330
In base 8, what is -1235 + -24760?
-26215
In base 8, what is 20041 + -5244?
12575
In base 9, what is -8628 - -133?
-8485
In base 6, what is 42555154 + -1041?
42554113
In base 16, what is 2dc0 + -b6?
2d0a
In base 10, what is 5883 - 12798?
-6915
In base 4, what is -32130133 - -11231?
-32112302
In base 15, what is 47b5d6 - 5?
47b5d1
In base 13, what is -4 - -30b81?
30b7a
In base 7, what is -300 - -624623?
624323
In base 3, what is 1202212122010 - -221?
1202212200001
In base 12, what is 4 - -a40b125?
a40b129
In base 10, what is -25 + -7525086?
-7525111
In base 10, what is 60227115 + -4?
60227111
In base 11, what is -14 - -2893514?
2893500
In base 5, what is -340434244 + 1?
-340434243
In base 11, what is 523 + 402521?
402a44
In base 15, what is -37d + 2e4ec?
2e16e
In base 15, what is 0 + -bd7ae1?
-bd7ae1
In base 3, what is 11 - -112120101201120?
112120101201201
In base 3, what is -1202022022021221 - 110?
-1202022022022101
In base 10, what is -756 - -6029?
5273
In base 3, what is 2 + 100020112122222221?
100020112200000000
In base 3, what is 1 - -20200000012110210?
20200000012110211
In base 8, what is -21505732 + -7?
-21505741
In base 15, what is 142 + -c030?
-bddd
In base 14, what is -7a412 + 8?
-7a408
In base 8, what is -1673226 + 215?
-1673011
In base 12, what is a2915 - 21?
a28b4
In base 12, what is -3 - 843aa6?
-843aa9
In base 13, what is 2 + 121b86?
121b88
In base 6, what is 31 - 424220142?
-424220111
In base 13, what is -65b8 - -637?
-5c81
In base 6, what is 10051525005 - -1?
10051525010
In base 16, what is -2767c - 2c4?
-27940
In base 2, what is -1110011011 + -1011000001110001?
-1011010000001100
In base 16, what is -9071535 + 1?
-9071534
In base 12, what is 2 - -10a26444?
10a26446
In base 10, what is -66847 - -2?
-66845
In base 7, what is 3 + 25620260?
25620263
In base 16, what is -7249f9 + -9?
-724a02
In base 12, what is 26515a - -636?
265794
In base 6, what is 2 + -1134222212?
-1134222210
In base 16, what is -24db6 - 1b2?
-24f68
In base 15, what is -274 - -858a?
8316
In base 10, what is 1903724 + 9?
1903733
In base 14, what is -7c3cb + -3?
-7c3d0
In base 11, what is 1 + 131a1136?
131a1137
In base 4, what is -3233 + -112210213?
-112220112
In base 10, what is 4 + -60974712?
-60974708
In base 10, what is -4 - 14369082?
-14369086
In base 8, what is 320 - 715?
-375
In base 14, what is -a7477 + -319?
-a7792
In base 13, what is -32079 + -16c9?
-33775
In base 8, what is -700520 + 316?
-700202
In base 16, what is 703376 - 5?
703371
In base 4, what is 33032221 - -102013?
33200300
In base 7, what is 135403206 + 0?
135403206
In base 4, what is -1003103 - 1221123?
-2230232
In base 14, what is -b4 - -20860?
2078a
In base 14, what is -3 + 11ac176?
11ac173
In base 4, what is 12221 + -10112103?
-10033222
In base 12, what is -56a95b27 + -4?
-56a95b2b
In base 9, what is 7882201 + -1?
7882200
In base 3, what is -11211112110102 + -10020?
-11211112120122
In base 7, what is 1 - -2012526155?
2012526156
In base 16, what is -db + 6d122?
6d047
In base 10, what is -658554 + -30?
-658584
In base 16, what is 67 - -1e978?
1e9df
In base 15, what is -2a12a - -bb?
-2a05e
In base 7, what is -133205 + 661?
-132214
In base 2, what is -10010110110110111101110 - 1110100?
-10010110110111001100010
In base 7, what is 216220 + 62?
216312
In base 6, what is -2 - 23430405142?
-23430405144
In base 3, what is 2210 + -101120000122?
-101112220212
In base 11, what is -7 - -336887?
336880
In base 3, what is 112220012 + -200221211?
-11001122
In base 10, what is 92141 - -112?
92253
In base 13, what is 31 + -24147?
-24116
In base 14, what is 15886 + 5a?
15902
In base 3, what is 1 + 10211121111122?
10211121111200
In base 12, what is -38b037 - -135?
-38ab02
In base 15, what is 232da0 + 2?
232da2
In base 5, what is 224240204002 - 12?
224240203440
In base 10, what is 12709 + -6385?
6324
In base 5, what is 101142422 + 4210?
101202132
In base 16, what is -709 - 7dac2?
-7e1cb
In base 15, what is e1314 + 18?
e132c
In base 7, what is -461524 + 26?
-461465
In base 7, what is -23 - -223422523?
223422500
In base 10, what is -16846 - 89?
-16935
In base 10, what is 0 - 168418638?
-168418638
In base 11, what is -40 - -9812074?
9812034
In base 8, what is 4115 - -30106?
34223
In base 10, what is -690823 + -2?
-690825
In base 9, what is 255007 + 8?
255016
In base 16, what is 4 - -8ccc1d7?
8ccc1db
In base 8, what is -10434 - 76623?
-107257
In base 2, what is -1111001011011011 - 10001010?
-1111001101100101
In base 15, what is -414a1 + -452?
-41903
In base 2, what is 111101100111010 + -1000101101?
111100100001101
In base 15, what is 103b8 - 3aa?
1000d
In base 11, what is 283 - -26a2a?
27202
In base 7, what is 261350 - -143?
261523
In base 2, what is 11110 - 111000101110?
-111000010000
In base 5, what is 42 + -2303142301?
-2303142204
In base 5, what is -240224 + 2003202?
1212423
In base 12, what is 1 - -7b46b71?
7b46b72
In base 6, what is 3 + 1341533335?
1341533342
In base 10, what is 12 - 1277501?
-1277489
In base 3, what is 1111010011211020 + 0?
1111010011211020
In base 9, what is -8010 - 2080?
-11100
In base 3, what is -202100110120 - 121212?
-202101002102
In base 15, what is -3e + 4de91?
4de52
In base 16, what is 4 - -d9756?
d975a
In base 4, what is -3 + 310202033?
310202030
In base 4, what is 1 - 121333221221?
-121333221220
In base 4, what is 20110213 + -132003?
13312210
In base 9, what is 3 - 833180?
-833176
In base 13, what is -1496a - 7?
-14974
In base 9, what is 4 + 16851381?
16851385
In base 7, what is -40 + -510434012?
-510434052
In base 13, what is -209 + bb76c?
bb563
In base 10, what is 406320 + 721?
407041
In base 5, what is 2101 + 11040224?
11042330
In base 6, what is -4103 - 21201?
-25304
In base 15, what is -1 - -33b43a9?
33b43a8
In base 4, what is 12121021232 + 231?
12121022123
In base 13, what is -1298 + 476?
-b22
In base 16, what is -6e + 62555?
624e7
In base 5, what is 0 - -331421041?
331421041
In base 2, what is -11000110010011100 + -110011010111?
-11001100101110011
In base 5, what is -223133303 - -21?
-223133232
In base 4, what is 10 - 312222002213?
-312222002203
In base 12, what is -41bb + -18a0?
-5a9b
In base 15, what is 1195 - 4e10?
-3c6a
In base 16, what is -d4c - -937?
-415
In base 13, what is 11802b9 - -7?
11802c3
In base 11, what is 80 - -27a18?
27a98
In base 14, what is -b + 1a632dd?
1a632d2
In base 6, what is 12 - 25524015?
-25524003
In base 7, what is -5 - -13412652065?
13412652060
In base 14, what is -136 + 2006?
1cb0
In base 6, what is 21134 + 1555402?
2020540
In base 14, what is -2 + -58ca70c?
-58ca710
In base 10, what is 28296 + 681?
28977
In base 2, what is 111011010 - -10110011011100101101?
10110011100100000111
In base 6, what is -224040412 - -3?
-224040405
In base 14, what is -1c7053 - 40?
-1c7093
In base 5, what is -101 - 13214144?
-1321430